{"id":783,"date":"2025-07-16T13:17:31","date_gmt":"2025-07-16T11:17:31","guid":{"rendered":"https:\/\/orlpoland.com\/?page_id=783"},"modified":"2025-09-10T08:35:07","modified_gmt":"2025-09-10T06:35:07","slug":"sekcja-rynologii-i-chirurgii-plastycznej-twarzy","status":"publish","type":"page","link":"https:\/\/orlpoland.com\/?page_id=783&lang=pl","title":{"rendered":"Sekcja Rynologii i Chirurgii Plastycznej Twarzy"},"content":{"rendered":"\t\t<div data-elementor-type=\"wp-page\" data-elementor-id=\"783\" class=\"elementor elementor-783\">\n\t\t\t\t<div class=\"elementor-element elementor-element-8229390 e-flex e-con-boxed e-con e-parent\" data-id=\"8229390\" data-element_type=\"container\" data-e-type=\"container\">\n\t\t\t\t\t<div class=\"e-con-inner\">\n\t\t\t\t<div class=\"elementor-element elementor-element-d950098 elementor-widget elementor-widget-spacer\" data-id=\"d950098\" data-element_type=\"widget\" data-e-type=\"widget\" data-widget_type=\"spacer.default\">\n\t\t\t\t\t\t\t<div class=\"elementor-spacer\">\n\t\t\t<div class=\"elementor-spacer-inner\"><\/div>\n\t\t<\/div>\n\t\t\t\t\t\t<\/div>\n\t\t\t\t\t<\/div>\n\t\t\t\t<\/div>\n\t\t<div class=\"elementor-element elementor-element-42d5a1b e-flex e-con-boxed e-con e-parent\" data-id=\"42d5a1b\" data-element_type=\"container\" data-e-type=\"container\">\n\t\t\t\t\t<div class=\"e-con-inner\">\n\t\t\t\t<div class=\"elementor-element elementor-element-ec10c50 elementor-view-default elementor-widget elementor-widget-icon\" data-id=\"ec10c50\" data-element_type=\"widget\" data-e-type=\"widget\" data-widget_type=\"icon.default\">\n\t\t\t\t\t\t\t<div class=\"elementor-icon-wrapper\">\n\t\t\t<div class=\"elementor-icon\">\n\t\t\t<svg aria-hidden=\"true\" class=\"e-font-icon-svg e-fas-square\" viewBox=\"0 0 448 512\" xmlns=\"http:\/\/www.w3.org\/2000\/svg\"><path d=\"M400 32H48C21.5 32 0 53.5 0 80v352c0 26.5 21.5 48 48 48h352c26.5 0 48-21.5 48-48V80c0-26.5-21.5-48-48-48z\"><\/path><\/svg>\t\t\t<\/div>\n\t\t<\/div>\n\t\t\t\t\t\t<\/div>\n\t\t\t\t<div class=\"elementor-element elementor-element-ebfb968 elementor-widget elementor-widget-heading\" data-id=\"ebfb968\" data-element_type=\"widget\" data-e-type=\"widget\" data-widget_type=\"heading.default\">\n\t\t\t\t\t<h2 class=\"elementor-heading-title elementor-size-default\">Sekcja Rynologii i Chirurgii Plastycznej Twarzy<\/h2>\t\t\t\t<\/div>\n\t\t\t\t\t<\/div>\n\t\t\t\t<\/div>\n\t\t<div class=\"elementor-element elementor-element-ab4092d e-flex e-con-boxed e-con e-parent\" data-id=\"ab4092d\" data-element_type=\"container\" data-e-type=\"container\">\n\t\t\t\t\t<div class=\"e-con-inner\">\n\t\t\t\t<div class=\"elementor-element elementor-element-492b58d elementor-widget elementor-widget-text-editor\" data-id=\"492b58d\" data-element_type=\"widget\" data-e-type=\"widget\" data-widget_type=\"text-editor.default\">\n\t\t\t\t\t\t\t\t\t<p><strong>Przewodnicz\u0105ca:<\/strong> Karolina D\u017caman<\/p><p><strong>Cz\u0142onkowie:<\/strong><\/p><ul><li>Gra\u017cyna Lisowska<\/li><li>J\u00f3zef Mierzwi\u0144ski<\/li><li>Pawe\u0142 Golusi\u0144ski<\/li><li>Eliza Bro\u017cek-M\u0105dry<\/li><\/ul><p>\u00a0<\/p><p><strong>Komisja Rewizyjna:<\/strong><\/p><ul><li>Ma\u0142gorzata Leszczy\u0144ska<\/li><li>Violetta Pietruszewska<\/li><li>Dominik Stodulski<\/li><\/ul>\t\t\t\t\t\t\t\t<\/div>\n\t\t\t\t<div class=\"elementor-element elementor-element-b6637aa elementor-widget elementor-widget-spacer\" data-id=\"b6637aa\" data-element_type=\"widget\" data-e-type=\"widget\" data-widget_type=\"spacer.default\">\n\t\t\t\t\t\t\t<div class=\"elementor-spacer\">\n\t\t\t<div class=\"elementor-spacer-inner\"><\/div>\n\t\t<\/div>\n\t\t\t\t\t\t<\/div>\n\t\t\t\t\t<\/div>\n\t\t\t\t<\/div>\n\t\t\t\t<\/div>\n\t\t","protected":false},"excerpt":{"rendered":"<p>Sekcja Rynologii i Chirurgii Plastycznej Twarzy Przewodnicz\u0105ca: Karolina D\u017caman Cz\u0142onkowie: Gra\u017cyna Lisowska J\u00f3zef Mierzwi\u0144ski Pawe\u0142 Golusi\u0144ski Eliza Bro\u017cek-M\u0105dry \u00a0 Komisja Rewizyjna: Ma\u0142gorzata Leszczy\u0144ska Violetta Pietruszewska Dominik Stodulski<\/p>\n","protected":false},"author":1,"featured_media":0,"parent":0,"menu_order":0,"comment_status":"closed","ping_status":"closed","template":"","meta":{"footnotes":""},"class_list":["post-783","page","type-page","status-publish","hentry"],"blocksy_meta":[],"_links":{"self":[{"href":"https:\/\/orlpoland.com\/index.php?rest_route=\/wp\/v2\/pages\/783","targetHints":{"allow":["GET"]}}],"collection":[{"href":"https:\/\/orlpoland.com\/index.php?rest_route=\/wp\/v2\/pages"}],"about":[{"href":"https:\/\/orlpoland.com\/index.php?rest_route=\/wp\/v2\/types\/page"}],"author":[{"embeddable":true,"href":"https:\/\/orlpoland.com\/index.php?rest_route=\/wp\/v2\/users\/1"}],"replies":[{"embeddable":true,"href":"https:\/\/orlpoland.com\/index.php?rest_route=%2Fwp%2Fv2%2Fcomments&post=783"}],"version-history":[{"count":7,"href":"https:\/\/orlpoland.com\/index.php?rest_route=\/wp\/v2\/pages\/783\/revisions"}],"predecessor-version":[{"id":1854,"href":"https:\/\/orlpoland.com\/index.php?rest_route=\/wp\/v2\/pages\/783\/revisions\/1854"}],"wp:attachment":[{"href":"https:\/\/orlpoland.com\/index.php?rest_route=%2Fwp%2Fv2%2Fmedia&parent=783"}],"curies":[{"name":"wp","href":"https:\/\/api.w.org\/{rel}","templated":true}]}}