{"id":738,"date":"2025-07-16T12:22:37","date_gmt":"2025-07-16T10:22:37","guid":{"rendered":"https:\/\/orlpoland.com\/?page_id=738"},"modified":"2025-10-10T11:55:59","modified_gmt":"2025-10-10T09:55:59","slug":"sekcja-onkologiczna","status":"publish","type":"page","link":"https:\/\/orlpoland.com\/?page_id=738&lang=pl","title":{"rendered":"Sekcja Onkologiczna"},"content":{"rendered":"\t\t<div data-elementor-type=\"wp-page\" data-elementor-id=\"738\" class=\"elementor elementor-738\">\n\t\t\t\t<div class=\"elementor-element elementor-element-192b012 e-flex e-con-boxed e-con e-parent\" data-id=\"192b012\" data-element_type=\"container\" data-e-type=\"container\">\n\t\t\t\t\t<div class=\"e-con-inner\">\n\t\t\t\t<div class=\"elementor-element elementor-element-60f29f9 elementor-widget elementor-widget-spacer\" data-id=\"60f29f9\" data-element_type=\"widget\" data-e-type=\"widget\" data-widget_type=\"spacer.default\">\n\t\t\t\t\t\t\t<div class=\"elementor-spacer\">\n\t\t\t<div class=\"elementor-spacer-inner\"><\/div>\n\t\t<\/div>\n\t\t\t\t\t\t<\/div>\n\t\t\t\t\t<\/div>\n\t\t\t\t<\/div>\n\t\t<div class=\"elementor-element elementor-element-ede0348 e-flex e-con-boxed e-con e-parent\" data-id=\"ede0348\" data-element_type=\"container\" data-e-type=\"container\">\n\t\t\t\t\t<div class=\"e-con-inner\">\n\t\t\t\t<div class=\"elementor-element elementor-element-8c96fb3 elementor-view-default elementor-widget elementor-widget-icon\" data-id=\"8c96fb3\" data-element_type=\"widget\" data-e-type=\"widget\" data-widget_type=\"icon.default\">\n\t\t\t\t\t\t\t<div class=\"elementor-icon-wrapper\">\n\t\t\t<div class=\"elementor-icon\">\n\t\t\t<svg aria-hidden=\"true\" class=\"e-font-icon-svg e-fas-square\" viewBox=\"0 0 448 512\" xmlns=\"http:\/\/www.w3.org\/2000\/svg\"><path d=\"M400 32H48C21.5 32 0 53.5 0 80v352c0 26.5 21.5 48 48 48h352c26.5 0 48-21.5 48-48V80c0-26.5-21.5-48-48-48z\"><\/path><\/svg>\t\t\t<\/div>\n\t\t<\/div>\n\t\t\t\t\t\t<\/div>\n\t\t\t\t<div class=\"elementor-element elementor-element-43c1684 elementor-widget elementor-widget-heading\" data-id=\"43c1684\" data-element_type=\"widget\" data-e-type=\"widget\" data-widget_type=\"heading.default\">\n\t\t\t\t\t<h2 class=\"elementor-heading-title elementor-size-default\">SEKCJA ONKOLOGICZNA<\/h2>\t\t\t\t<\/div>\n\t\t\t\t\t<\/div>\n\t\t\t\t<\/div>\n\t\t<div class=\"elementor-element elementor-element-6b59a0b e-flex e-con-boxed e-con e-parent\" data-id=\"6b59a0b\" data-element_type=\"container\" data-e-type=\"container\">\n\t\t\t\t\t<div class=\"e-con-inner\">\n\t\t\t\t<div class=\"elementor-element elementor-element-a85f685 elementor-widget elementor-widget-text-editor\" data-id=\"a85f685\" data-element_type=\"widget\" data-e-type=\"widget\" data-widget_type=\"text-editor.default\">\n\t\t\t\t\t\t\t\t\t<p><strong>Przewodnicz\u0105cy: <\/strong>Ma\u0142gorzata Wierzbicka<\/p><p><strong>Cz\u0142onkowie zarz\u0105du: <\/strong><\/p><ul><li><p>Joanna Jackowska<\/p><\/li><li><p>Jaros\u0142aw Markowski<\/p><\/li><li><p>Dominik Stodulski<\/p><\/li><li><p>Anna Rzepakowska<\/p><\/li><\/ul><p>\u00a0<\/p><p><strong>Cz\u0142onkowie Komisji Rewizyjnej:<\/strong><\/p><ul><li>Witold Szyfter<\/li><li>Czes\u0142aw Stankiewicz<\/li><li>Marek Rogowski<\/li><\/ul>\t\t\t\t\t\t\t\t<\/div>\n\t\t\t\t<div class=\"elementor-element elementor-element-26d4b5c elementor-widget elementor-widget-spacer\" data-id=\"26d4b5c\" data-element_type=\"widget\" data-e-type=\"widget\" data-widget_type=\"spacer.default\">\n\t\t\t\t\t\t\t<div class=\"elementor-spacer\">\n\t\t\t<div class=\"elementor-spacer-inner\"><\/div>\n\t\t<\/div>\n\t\t\t\t\t\t<\/div>\n\t\t\t\t\t<\/div>\n\t\t\t\t<\/div>\n\t\t\t\t<\/div>\n\t\t","protected":false},"excerpt":{"rendered":"<p>SEKCJA ONKOLOGICZNA Przewodnicz\u0105cy: Ma\u0142gorzata Wierzbicka Cz\u0142onkowie zarz\u0105du: Joanna Jackowska Jaros\u0142aw Markowski Dominik Stodulski Anna Rzepakowska \u00a0 Cz\u0142onkowie Komisji Rewizyjnej: Witold Szyfter Czes\u0142aw Stankiewicz Marek Rogowski<\/p>\n","protected":false},"author":1,"featured_media":0,"parent":0,"menu_order":0,"comment_status":"closed","ping_status":"closed","template":"","meta":{"footnotes":""},"class_list":["post-738","page","type-page","status-publish","hentry"],"blocksy_meta":[],"_links":{"self":[{"href":"https:\/\/orlpoland.com\/index.php?rest_route=\/wp\/v2\/pages\/738","targetHints":{"allow":["GET"]}}],"collection":[{"href":"https:\/\/orlpoland.com\/index.php?rest_route=\/wp\/v2\/pages"}],"about":[{"href":"https:\/\/orlpoland.com\/index.php?rest_route=\/wp\/v2\/types\/page"}],"author":[{"embeddable":true,"href":"https:\/\/orlpoland.com\/index.php?rest_route=\/wp\/v2\/users\/1"}],"replies":[{"embeddable":true,"href":"https:\/\/orlpoland.com\/index.php?rest_route=%2Fwp%2Fv2%2Fcomments&post=738"}],"version-history":[{"count":7,"href":"https:\/\/orlpoland.com\/index.php?rest_route=\/wp\/v2\/pages\/738\/revisions"}],"predecessor-version":[{"id":2523,"href":"https:\/\/orlpoland.com\/index.php?rest_route=\/wp\/v2\/pages\/738\/revisions\/2523"}],"wp:attachment":[{"href":"https:\/\/orlpoland.com\/index.php?rest_route=%2Fwp%2Fv2%2Fmedia&parent=738"}],"curies":[{"name":"wp","href":"https:\/\/api.w.org\/{rel}","templated":true}]}}