{"id":733,"date":"2025-07-16T12:20:34","date_gmt":"2025-07-16T10:20:34","guid":{"rendered":"https:\/\/orlpoland.com\/?page_id=733"},"modified":"2025-08-05T10:00:34","modified_gmt":"2025-08-05T08:00:34","slug":"oddzial-olsztynski","status":"publish","type":"page","link":"https:\/\/orlpoland.com\/?page_id=733&lang=pl","title":{"rendered":"Oddzia\u0142 Olszty\u0144ski"},"content":{"rendered":"\t\t<div data-elementor-type=\"wp-page\" data-elementor-id=\"733\" class=\"elementor elementor-733\">\n\t\t\t\t<div class=\"elementor-element elementor-element-f7c1a9c e-flex e-con-boxed e-con e-parent\" data-id=\"f7c1a9c\" data-element_type=\"container\" data-e-type=\"container\">\n\t\t\t\t\t<div class=\"e-con-inner\">\n\t\t\t\t<div class=\"elementor-element elementor-element-41799d0 elementor-widget elementor-widget-spacer\" data-id=\"41799d0\" data-element_type=\"widget\" data-e-type=\"widget\" data-widget_type=\"spacer.default\">\n\t\t\t\t\t\t\t<div class=\"elementor-spacer\">\n\t\t\t<div class=\"elementor-spacer-inner\"><\/div>\n\t\t<\/div>\n\t\t\t\t\t\t<\/div>\n\t\t\t\t\t<\/div>\n\t\t\t\t<\/div>\n\t\t<div class=\"elementor-element elementor-element-ac949e9 e-flex e-con-boxed e-con e-parent\" data-id=\"ac949e9\" data-element_type=\"container\" data-e-type=\"container\">\n\t\t\t\t\t<div class=\"e-con-inner\">\n\t\t\t\t<div class=\"elementor-element elementor-element-842669f elementor-view-default elementor-widget elementor-widget-icon\" data-id=\"842669f\" data-element_type=\"widget\" data-e-type=\"widget\" data-widget_type=\"icon.default\">\n\t\t\t\t\t\t\t<div class=\"elementor-icon-wrapper\">\n\t\t\t<div class=\"elementor-icon\">\n\t\t\t<svg aria-hidden=\"true\" class=\"e-font-icon-svg e-fas-square\" viewBox=\"0 0 448 512\" xmlns=\"http:\/\/www.w3.org\/2000\/svg\"><path d=\"M400 32H48C21.5 32 0 53.5 0 80v352c0 26.5 21.5 48 48 48h352c26.5 0 48-21.5 48-48V80c0-26.5-21.5-48-48-48z\"><\/path><\/svg>\t\t\t<\/div>\n\t\t<\/div>\n\t\t\t\t\t\t<\/div>\n\t\t\t\t<div class=\"elementor-element elementor-element-2483d21 elementor-widget elementor-widget-heading\" data-id=\"2483d21\" data-element_type=\"widget\" data-e-type=\"widget\" data-widget_type=\"heading.default\">\n\t\t\t\t\t<h2 class=\"elementor-heading-title elementor-size-default\">Oddzia\u0142 Olszty\u0144ski<\/h2>\t\t\t\t<\/div>\n\t\t\t\t\t<\/div>\n\t\t\t\t<\/div>\n\t\t<div class=\"elementor-element elementor-element-9409a53 e-flex e-con-boxed e-con e-parent\" data-id=\"9409a53\" data-element_type=\"container\" data-e-type=\"container\">\n\t\t\t\t\t<div class=\"e-con-inner\">\n\t\t\t\t<div class=\"elementor-element elementor-element-a8b5e15 elementor-widget elementor-widget-text-editor\" data-id=\"a8b5e15\" data-element_type=\"widget\" data-e-type=\"widget\" data-widget_type=\"text-editor.default\">\n\t\t\t\t\t\t\t\t\t<p><strong>Przewodnicz\u0105cy:<\/strong> Miko\u0142aj Tokarczyk<\/p><p><strong>V-ce przewodnicz\u0105cy:<\/strong> Joanna Ostaniewicz<\/p><p><strong>Sekretarz:<\/strong> Alicja Wyszomirska<\/p><p><strong>Skarbnik:<\/strong> Maciej Suwi\u0144ski<\/p><p><strong>Cz\u0142onek zarz\u0105du:<\/strong> Hanna Zaj\u0105czkiewicz<\/p><p><strong>E-mail: <a href=\"mailto:laryngologia.olsztyn@gmail.com\">laryngologia.olsztyn@gmail.com<\/a><\/strong><\/p><p><strong>Strona Oddzia\u0142u: <a href=\"http:\/\/www.otolaryngologia.olsztyn.pl\" target=\"_blank\" rel=\"noopener\">www.otolaryngologia.olsztyn.pl<\/a><\/strong><\/p>\t\t\t\t\t\t\t\t<\/div>\n\t\t\t\t<div class=\"elementor-element elementor-element-0cd55a6 elementor-widget elementor-widget-spacer\" data-id=\"0cd55a6\" data-element_type=\"widget\" data-e-type=\"widget\" data-widget_type=\"spacer.default\">\n\t\t\t\t\t\t\t<div class=\"elementor-spacer\">\n\t\t\t<div class=\"elementor-spacer-inner\"><\/div>\n\t\t<\/div>\n\t\t\t\t\t\t<\/div>\n\t\t\t\t\t<\/div>\n\t\t\t\t<\/div>\n\t\t\t\t<\/div>\n\t\t","protected":false},"excerpt":{"rendered":"<p>Oddzia\u0142 Olszty\u0144ski Przewodnicz\u0105cy: Miko\u0142aj Tokarczyk V-ce przewodnicz\u0105cy: Joanna Ostaniewicz Sekretarz: Alicja Wyszomirska Skarbnik: Maciej Suwi\u0144ski Cz\u0142onek zarz\u0105du: Hanna Zaj\u0105czkiewicz E-mail: laryngologia.olsztyn@gmail.com Strona Oddzia\u0142u: www.otolaryngologia.olsztyn.pl<\/p>\n","protected":false},"author":1,"featured_media":0,"parent":0,"menu_order":0,"comment_status":"closed","ping_status":"closed","template":"","meta":{"footnotes":""},"class_list":["post-733","page","type-page","status-publish","hentry"],"blocksy_meta":[],"_links":{"self":[{"href":"https:\/\/orlpoland.com\/index.php?rest_route=\/wp\/v2\/pages\/733","targetHints":{"allow":["GET"]}}],"collection":[{"href":"https:\/\/orlpoland.com\/index.php?rest_route=\/wp\/v2\/pages"}],"about":[{"href":"https:\/\/orlpoland.com\/index.php?rest_route=\/wp\/v2\/types\/page"}],"author":[{"embeddable":true,"href":"https:\/\/orlpoland.com\/index.php?rest_route=\/wp\/v2\/users\/1"}],"replies":[{"embeddable":true,"href":"https:\/\/orlpoland.com\/index.php?rest_route=%2Fwp%2Fv2%2Fcomments&post=733"}],"version-history":[{"count":7,"href":"https:\/\/orlpoland.com\/index.php?rest_route=\/wp\/v2\/pages\/733\/revisions"}],"predecessor-version":[{"id":1472,"href":"https:\/\/orlpoland.com\/index.php?rest_route=\/wp\/v2\/pages\/733\/revisions\/1472"}],"wp:attachment":[{"href":"https:\/\/orlpoland.com\/index.php?rest_route=%2Fwp%2Fv2%2Fmedia&parent=733"}],"curies":[{"name":"wp","href":"https:\/\/api.w.org\/{rel}","templated":true}]}}