{"id":713,"date":"2025-07-16T12:09:17","date_gmt":"2025-07-16T10:09:17","guid":{"rendered":"https:\/\/orlpoland.com\/?page_id=713"},"modified":"2025-09-05T12:04:49","modified_gmt":"2025-09-05T10:04:49","slug":"oddzial-kielecki-swietokrzyski","status":"publish","type":"page","link":"https:\/\/orlpoland.com\/?page_id=713&lang=pl","title":{"rendered":"Oddzia\u0142 Kielecki (\u015awi\u0119tokrzyski)"},"content":{"rendered":"\t\t<div data-elementor-type=\"wp-page\" data-elementor-id=\"713\" class=\"elementor elementor-713\">\n\t\t\t\t<div class=\"elementor-element elementor-element-823e417 e-flex e-con-boxed e-con e-parent\" data-id=\"823e417\" data-element_type=\"container\" data-e-type=\"container\">\n\t\t\t\t\t<div class=\"e-con-inner\">\n\t\t\t\t<div class=\"elementor-element elementor-element-68834ff elementor-widget elementor-widget-spacer\" data-id=\"68834ff\" data-element_type=\"widget\" data-e-type=\"widget\" data-widget_type=\"spacer.default\">\n\t\t\t\t\t\t\t<div class=\"elementor-spacer\">\n\t\t\t<div class=\"elementor-spacer-inner\"><\/div>\n\t\t<\/div>\n\t\t\t\t\t\t<\/div>\n\t\t\t\t\t<\/div>\n\t\t\t\t<\/div>\n\t\t<div class=\"elementor-element elementor-element-84d795f e-flex e-con-boxed e-con e-parent\" data-id=\"84d795f\" data-element_type=\"container\" data-e-type=\"container\">\n\t\t\t\t\t<div class=\"e-con-inner\">\n\t\t\t\t<div class=\"elementor-element elementor-element-09c3f9b elementor-view-default elementor-widget elementor-widget-icon\" data-id=\"09c3f9b\" data-element_type=\"widget\" data-e-type=\"widget\" data-widget_type=\"icon.default\">\n\t\t\t\t\t\t\t<div class=\"elementor-icon-wrapper\">\n\t\t\t<div class=\"elementor-icon\">\n\t\t\t<svg aria-hidden=\"true\" class=\"e-font-icon-svg e-fas-square\" viewBox=\"0 0 448 512\" xmlns=\"http:\/\/www.w3.org\/2000\/svg\"><path d=\"M400 32H48C21.5 32 0 53.5 0 80v352c0 26.5 21.5 48 48 48h352c26.5 0 48-21.5 48-48V80c0-26.5-21.5-48-48-48z\"><\/path><\/svg>\t\t\t<\/div>\n\t\t<\/div>\n\t\t\t\t\t\t<\/div>\n\t\t\t\t<div class=\"elementor-element elementor-element-52e8a9b elementor-widget elementor-widget-heading\" data-id=\"52e8a9b\" data-element_type=\"widget\" data-e-type=\"widget\" data-widget_type=\"heading.default\">\n\t\t\t\t\t<h2 class=\"elementor-heading-title elementor-size-default\">Oddzia\u0142 Kielecki (\u015awi\u0119tokrzyski) <\/h2>\t\t\t\t<\/div>\n\t\t\t\t\t<\/div>\n\t\t\t\t<\/div>\n\t\t<div class=\"elementor-element elementor-element-88617f5 e-flex e-con-boxed e-con e-parent\" data-id=\"88617f5\" data-element_type=\"container\" data-e-type=\"container\">\n\t\t\t\t\t<div class=\"e-con-inner\">\n\t\t\t\t<div class=\"elementor-element elementor-element-d8f5d61 elementor-widget elementor-widget-text-editor\" data-id=\"d8f5d61\" data-element_type=\"widget\" data-e-type=\"widget\" data-widget_type=\"text-editor.default\">\n\t\t\t\t\t\t\t\t\t<p><strong>Przewodnicz\u0105cy:<\/strong> Rafa\u0142 Zieli\u0144ski<\/p><p><strong>Sekretarz:<\/strong> J\u0119drzej Dragan<\/p><p><strong>Skarbnik:<\/strong> Jerzy Synowiec<\/p><p><strong>Cz\u0142onek zarz\u0105du:<\/strong> Mariusz Dzidek<\/p><p><strong>Cz\u0142onek zarz\u0105du:<\/strong> Patrycja Wr\u00f3blewska<\/p>\t\t\t\t\t\t\t\t<\/div>\n\t\t\t\t<div class=\"elementor-element elementor-element-6dfa9b3 elementor-widget elementor-widget-spacer\" data-id=\"6dfa9b3\" data-element_type=\"widget\" data-e-type=\"widget\" data-widget_type=\"spacer.default\">\n\t\t\t\t\t\t\t<div class=\"elementor-spacer\">\n\t\t\t<div class=\"elementor-spacer-inner\"><\/div>\n\t\t<\/div>\n\t\t\t\t\t\t<\/div>\n\t\t\t\t\t<\/div>\n\t\t\t\t<\/div>\n\t\t\t\t<\/div>\n\t\t","protected":false},"excerpt":{"rendered":"<p>Oddzia\u0142 Kielecki (\u015awi\u0119tokrzyski) Przewodnicz\u0105cy: Rafa\u0142 Zieli\u0144ski Sekretarz: J\u0119drzej Dragan Skarbnik: Jerzy Synowiec Cz\u0142onek zarz\u0105du: Mariusz Dzidek Cz\u0142onek zarz\u0105du: Patrycja Wr\u00f3blewska<\/p>\n","protected":false},"author":1,"featured_media":0,"parent":0,"menu_order":0,"comment_status":"closed","ping_status":"closed","template":"","meta":{"footnotes":""},"class_list":["post-713","page","type-page","status-publish","hentry"],"blocksy_meta":[],"_links":{"self":[{"href":"https:\/\/orlpoland.com\/index.php?rest_route=\/wp\/v2\/pages\/713","targetHints":{"allow":["GET"]}}],"collection":[{"href":"https:\/\/orlpoland.com\/index.php?rest_route=\/wp\/v2\/pages"}],"about":[{"href":"https:\/\/orlpoland.com\/index.php?rest_route=\/wp\/v2\/types\/page"}],"author":[{"embeddable":true,"href":"https:\/\/orlpoland.com\/index.php?rest_route=\/wp\/v2\/users\/1"}],"replies":[{"embeddable":true,"href":"https:\/\/orlpoland.com\/index.php?rest_route=%2Fwp%2Fv2%2Fcomments&post=713"}],"version-history":[{"count":6,"href":"https:\/\/orlpoland.com\/index.php?rest_route=\/wp\/v2\/pages\/713\/revisions"}],"predecessor-version":[{"id":1661,"href":"https:\/\/orlpoland.com\/index.php?rest_route=\/wp\/v2\/pages\/713\/revisions\/1661"}],"wp:attachment":[{"href":"https:\/\/orlpoland.com\/index.php?rest_route=%2Fwp%2Fv2%2Fmedia&parent=713"}],"curies":[{"name":"wp","href":"https:\/\/api.w.org\/{rel}","templated":true}]}}