{"id":688,"date":"2025-07-16T11:56:16","date_gmt":"2025-07-16T09:56:16","guid":{"rendered":"https:\/\/orlpoland.com\/?page_id=688"},"modified":"2026-02-26T08:19:46","modified_gmt":"2026-02-26T07:19:46","slug":"kontakt","status":"publish","type":"page","link":"https:\/\/orlpoland.com\/?page_id=688&lang=pl","title":{"rendered":"Kontakt"},"content":{"rendered":"\t\t<div data-elementor-type=\"wp-page\" data-elementor-id=\"688\" class=\"elementor elementor-688\">\n\t\t\t\t<div class=\"elementor-element elementor-element-a19208d e-flex e-con-boxed e-con e-parent\" data-id=\"a19208d\" data-element_type=\"container\" data-e-type=\"container\">\n\t\t\t\t\t<div class=\"e-con-inner\">\n\t\t\t\t<div class=\"elementor-element elementor-element-344ced1 elementor-widget elementor-widget-spacer\" data-id=\"344ced1\" data-element_type=\"widget\" data-e-type=\"widget\" data-widget_type=\"spacer.default\">\n\t\t\t\t\t\t\t<div class=\"elementor-spacer\">\n\t\t\t<div class=\"elementor-spacer-inner\"><\/div>\n\t\t<\/div>\n\t\t\t\t\t\t<\/div>\n\t\t\t\t\t<\/div>\n\t\t\t\t<\/div>\n\t\t<div class=\"elementor-element elementor-element-b7e9b37 e-flex e-con-boxed e-con e-parent\" data-id=\"b7e9b37\" data-element_type=\"container\" data-e-type=\"container\">\n\t\t\t\t\t<div class=\"e-con-inner\">\n\t\t\t\t<div class=\"elementor-element elementor-element-01c283f elementor-view-default elementor-widget elementor-widget-icon\" data-id=\"01c283f\" data-element_type=\"widget\" data-e-type=\"widget\" data-widget_type=\"icon.default\">\n\t\t\t\t\t\t\t<div class=\"elementor-icon-wrapper\">\n\t\t\t<div class=\"elementor-icon\">\n\t\t\t<svg aria-hidden=\"true\" class=\"e-font-icon-svg e-fas-square\" viewBox=\"0 0 448 512\" xmlns=\"http:\/\/www.w3.org\/2000\/svg\"><path d=\"M400 32H48C21.5 32 0 53.5 0 80v352c0 26.5 21.5 48 48 48h352c26.5 0 48-21.5 48-48V80c0-26.5-21.5-48-48-48z\"><\/path><\/svg>\t\t\t<\/div>\n\t\t<\/div>\n\t\t\t\t\t\t<\/div>\n\t\t\t\t<div class=\"elementor-element elementor-element-87d44ac elementor-widget elementor-widget-heading\" data-id=\"87d44ac\" data-element_type=\"widget\" data-e-type=\"widget\" data-widget_type=\"heading.default\">\n\t\t\t\t\t<h2 class=\"elementor-heading-title elementor-size-default\">KONTAKT<\/h2>\t\t\t\t<\/div>\n\t\t\t\t\t<\/div>\n\t\t\t\t<\/div>\n\t\t<div class=\"elementor-element elementor-element-90905fb e-flex e-con-boxed e-con e-parent\" data-id=\"90905fb\" data-element_type=\"container\" data-e-type=\"container\">\n\t\t\t\t\t<div class=\"e-con-inner\">\n\t\t\t\t<div class=\"elementor-element elementor-element-98fbf71 elementor-widget elementor-widget-spacer\" data-id=\"98fbf71\" data-element_type=\"widget\" data-e-type=\"widget\" data-widget_type=\"spacer.default\">\n\t\t\t\t\t\t\t<div class=\"elementor-spacer\">\n\t\t\t<div class=\"elementor-spacer-inner\"><\/div>\n\t\t<\/div>\n\t\t\t\t\t\t<\/div>\n\t\t\t\t\t<\/div>\n\t\t\t\t<\/div>\n\t\t<div class=\"elementor-element elementor-element-7a40562 e-flex e-con-boxed e-con e-parent\" data-id=\"7a40562\" data-element_type=\"container\" data-e-type=\"container\">\n\t\t\t\t\t<div class=\"e-con-inner\">\n\t\t\t\t<div class=\"elementor-element elementor-element-e595171 elementor-widget__width-initial elementor-widget elementor-widget-image\" data-id=\"e595171\" data-element_type=\"widget\" data-e-type=\"widget\" data-widget_type=\"image.default\">\n\t\t\t\t\t\t\t\t\t\t\t\t\t\t\t<img fetchpriority=\"high\" decoding=\"async\" width=\"1024\" height=\"576\" src=\"https:\/\/orlpoland.com\/wp-content\/uploads\/2025\/07\/Logo-PTOCiH-1024x576.png\" class=\"attachment-large size-large wp-image-351\" alt=\"\" srcset=\"https:\/\/orlpoland.com\/wp-content\/uploads\/2025\/07\/Logo-PTOCiH-1024x576.png 1024w, https:\/\/orlpoland.com\/wp-content\/uploads\/2025\/07\/Logo-PTOCiH-300x169.png 300w, https:\/\/orlpoland.com\/wp-content\/uploads\/2025\/07\/Logo-PTOCiH-768x432.png 768w, https:\/\/orlpoland.com\/wp-content\/uploads\/2025\/07\/Logo-PTOCiH.png 1280w\" sizes=\"(max-width: 1024px) 100vw, 1024px\" \/>\t\t\t\t\t\t\t\t\t\t\t\t\t\t\t<\/div>\n\t\t\t\t<div class=\"elementor-element elementor-element-9e7431d elementor-widget elementor-widget-text-editor\" data-id=\"9e7431d\" data-element_type=\"widget\" data-e-type=\"widget\" data-widget_type=\"text-editor.default\">\n\t\t\t\t\t\t\t\t\t<h5>\ud83d\udce7 Kontakt og\u00f3lny: <a href=\"mailto:kontakt@orlpoland.com\">kontakt@orlpoland.com<\/a><\/h5>\t\t\t\t\t\t\t\t<\/div>\n\t\t\t\t\t<\/div>\n\t\t\t\t<\/div>\n\t\t<div class=\"elementor-element elementor-element-84892d5 e-flex e-con-boxed e-con e-parent\" data-id=\"84892d5\" data-element_type=\"container\" data-e-type=\"container\">\n\t\t\t\t\t<div class=\"e-con-inner\">\n\t\t\t\t<div class=\"elementor-element elementor-element-8f29daf elementor-widget-divider--view-line elementor-widget elementor-widget-divider\" data-id=\"8f29daf\" data-element_type=\"widget\" data-e-type=\"widget\" data-widget_type=\"divider.default\">\n\t\t\t\t\t\t\t<div class=\"elementor-divider\">\n\t\t\t<span class=\"elementor-divider-separator\">\n\t\t\t\t\t\t<\/span>\n\t\t<\/div>\n\t\t\t\t\t\t<\/div>\n\t\t\t\t\t<\/div>\n\t\t\t\t<\/div>\n\t\t<div class=\"elementor-element elementor-element-1799407 e-flex e-con-boxed e-con e-parent\" data-id=\"1799407\" data-element_type=\"container\" data-e-type=\"container\">\n\t\t\t\t\t<div class=\"e-con-inner\">\n\t\t\t\t<div class=\"elementor-element elementor-element-486896b elementor-widget__width-initial elementor-widget elementor-widget-image\" data-id=\"486896b\" data-element_type=\"widget\" data-e-type=\"widget\" data-widget_type=\"image.default\">\n\t\t\t\t\t\t\t\t\t\t\t\t\t\t\t<img decoding=\"async\" width=\"1024\" height=\"576\" src=\"https:\/\/orlpoland.com\/wp-content\/uploads\/2025\/07\/Logo-youngorl-1024x576.png\" class=\"attachment-large size-large wp-image-338\" alt=\"\" srcset=\"https:\/\/orlpoland.com\/wp-content\/uploads\/2025\/07\/Logo-youngorl-1024x576.png 1024w, https:\/\/orlpoland.com\/wp-content\/uploads\/2025\/07\/Logo-youngorl-300x169.png 300w, https:\/\/orlpoland.com\/wp-content\/uploads\/2025\/07\/Logo-youngorl-768x432.png 768w, https:\/\/orlpoland.com\/wp-content\/uploads\/2025\/07\/Logo-youngorl.png 1280w\" sizes=\"(max-width: 1024px) 100vw, 1024px\" \/>\t\t\t\t\t\t\t\t\t\t\t\t\t\t\t<\/div>\n\t\t\t\t<div class=\"elementor-element elementor-element-5c9dadf elementor-widget elementor-widget-text-editor\" data-id=\"5c9dadf\" data-element_type=\"widget\" data-e-type=\"widget\" data-widget_type=\"text-editor.default\">\n\t\t\t\t\t\t\t\t\t<h5>\ud83d\udce7 Sekcja Young ORL: <a href=\"mailto:info@young-orl.pl\">info@young-orl.pl<\/a><\/h5>\t\t\t\t\t\t\t\t<\/div>\n\t\t\t\t\t<\/div>\n\t\t\t\t<\/div>\n\t\t<div class=\"elementor-element elementor-element-465c0a5 e-flex e-con-boxed e-con e-parent\" data-id=\"465c0a5\" data-element_type=\"container\" data-e-type=\"container\">\n\t\t\t\t\t<div class=\"e-con-inner\">\n\t\t\t\t<div class=\"elementor-element elementor-element-adc9e36 elementor-widget-divider--view-line elementor-widget elementor-widget-divider\" data-id=\"adc9e36\" data-element_type=\"widget\" data-e-type=\"widget\" data-widget_type=\"divider.default\">\n\t\t\t\t\t\t\t<div class=\"elementor-divider\">\n\t\t\t<span class=\"elementor-divider-separator\">\n\t\t\t\t\t\t<\/span>\n\t\t<\/div>\n\t\t\t\t\t\t<\/div>\n\t\t\t\t\t<\/div>\n\t\t\t\t<\/div>\n\t\t<div class=\"elementor-element elementor-element-c7673cf e-flex e-con-boxed e-con e-parent\" data-id=\"c7673cf\" data-element_type=\"container\" data-e-type=\"container\">\n\t\t\t\t\t<div class=\"e-con-inner\">\n\t\t\t\t<div class=\"elementor-element elementor-element-198a4f1 elementor-widget__width-initial elementor-widget elementor-widget-image\" data-id=\"198a4f1\" data-element_type=\"widget\" data-e-type=\"widget\" data-widget_type=\"image.default\">\n\t\t\t\t\t\t\t\t\t\t\t\t\t\t\t<img fetchpriority=\"high\" decoding=\"async\" width=\"1024\" height=\"576\" src=\"https:\/\/orlpoland.com\/wp-content\/uploads\/2025\/07\/Logo-PTOCiH-1024x576.png\" class=\"attachment-large size-large wp-image-351\" alt=\"\" srcset=\"https:\/\/orlpoland.com\/wp-content\/uploads\/2025\/07\/Logo-PTOCiH-1024x576.png 1024w, https:\/\/orlpoland.com\/wp-content\/uploads\/2025\/07\/Logo-PTOCiH-300x169.png 300w, https:\/\/orlpoland.com\/wp-content\/uploads\/2025\/07\/Logo-PTOCiH-768x432.png 768w, https:\/\/orlpoland.com\/wp-content\/uploads\/2025\/07\/Logo-PTOCiH.png 1280w\" sizes=\"(max-width: 1024px) 100vw, 1024px\" \/>\t\t\t\t\t\t\t\t\t\t\t\t\t\t\t<\/div>\n\t\t\t\t<div class=\"elementor-element elementor-element-c94a342 elementor-widget elementor-widget-text-editor\" data-id=\"c94a342\" data-element_type=\"widget\" data-e-type=\"widget\" data-widget_type=\"text-editor.default\">\n\t\t\t\t\t\t\t\t\t<h5>\ud83d\udce7 <span data-teams=\"true\"><strong>Zg\u0142oszenia materia\u0142\u00f3w do publikacji wy\u015blij tutaj:<\/strong><\/span>\u00a0<a href=\"mailto:kontakt@orlpoland.com\">kontakt@orlpoland.com<\/a><\/h5>\t\t\t\t\t\t\t\t<\/div>\n\t\t\t\t\t<\/div>\n\t\t\t\t<\/div>\n\t\t<div class=\"elementor-element elementor-element-1ad97bf e-flex e-con-boxed e-con e-parent\" data-id=\"1ad97bf\" data-element_type=\"container\" data-e-type=\"container\">\n\t\t\t\t\t<div class=\"e-con-inner\">\n\t\t\t\t<div class=\"elementor-element elementor-element-1c6302d elementor-widget elementor-widget-spacer\" data-id=\"1c6302d\" data-element_type=\"widget\" data-e-type=\"widget\" data-widget_type=\"spacer.default\">\n\t\t\t\t\t\t\t<div class=\"elementor-spacer\">\n\t\t\t<div class=\"elementor-spacer-inner\"><\/div>\n\t\t<\/div>\n\t\t\t\t\t\t<\/div>\n\t\t\t\t\t<\/div>\n\t\t\t\t<\/div>\n\t\t\t\t<\/div>\n\t\t","protected":false},"excerpt":{"rendered":"<p>KONTAKT \ud83d\udce7 Kontakt og\u00f3lny: kontakt@orlpoland.com \ud83d\udce7 Sekcja Young ORL: info@young-orl.pl \ud83d\udce7 Zg\u0142oszenia materia\u0142\u00f3w do publikacji wy\u015blij tutaj:\u00a0kontakt@orlpoland.com<\/p>\n","protected":false},"author":1,"featured_media":0,"parent":0,"menu_order":0,"comment_status":"closed","ping_status":"closed","template":"","meta":{"footnotes":""},"class_list":["post-688","page","type-page","status-publish","hentry"],"blocksy_meta":[],"_links":{"self":[{"href":"https:\/\/orlpoland.com\/index.php?rest_route=\/wp\/v2\/pages\/688","targetHints":{"allow":["GET"]}}],"collection":[{"href":"https:\/\/orlpoland.com\/index.php?rest_route=\/wp\/v2\/pages"}],"about":[{"href":"https:\/\/orlpoland.com\/index.php?rest_route=\/wp\/v2\/types\/page"}],"author":[{"embeddable":true,"href":"https:\/\/orlpoland.com\/index.php?rest_route=\/wp\/v2\/users\/1"}],"replies":[{"embeddable":true,"href":"https:\/\/orlpoland.com\/index.php?rest_route=%2Fwp%2Fv2%2Fcomments&post=688"}],"version-history":[{"count":16,"href":"https:\/\/orlpoland.com\/index.php?rest_route=\/wp\/v2\/pages\/688\/revisions"}],"predecessor-version":[{"id":2880,"href":"https:\/\/orlpoland.com\/index.php?rest_route=\/wp\/v2\/pages\/688\/revisions\/2880"}],"wp:attachment":[{"href":"https:\/\/orlpoland.com\/index.php?rest_route=%2Fwp%2Fv2%2Fmedia&parent=688"}],"curies":[{"name":"wp","href":"https:\/\/api.w.org\/{rel}","templated":true}]}}