{"id":124,"date":"2025-07-10T13:52:13","date_gmt":"2025-07-10T11:52:13","guid":{"rendered":"https:\/\/orlpoland.com\/?page_id=124"},"modified":"2025-08-05T09:16:00","modified_gmt":"2025-08-05T07:16:00","slug":"patronage","status":"publish","type":"page","link":"https:\/\/orlpoland.com\/?page_id=124","title":{"rendered":"Patronage"},"content":{"rendered":"\t\t<div data-elementor-type=\"wp-page\" data-elementor-id=\"124\" class=\"elementor elementor-124\">\n\t\t\t\t<div class=\"elementor-element elementor-element-3295c3b e-flex e-con-boxed e-con e-parent\" data-id=\"3295c3b\" data-element_type=\"container\" data-e-type=\"container\">\n\t\t\t\t\t<div class=\"e-con-inner\">\n\t\t\t\t<div class=\"elementor-element elementor-element-b0ec371 elementor-widget elementor-widget-spacer\" data-id=\"b0ec371\" data-element_type=\"widget\" data-e-type=\"widget\" data-widget_type=\"spacer.default\">\n\t\t\t\t\t\t\t<div class=\"elementor-spacer\">\n\t\t\t<div class=\"elementor-spacer-inner\"><\/div>\n\t\t<\/div>\n\t\t\t\t\t\t<\/div>\n\t\t\t\t\t<\/div>\n\t\t\t\t<\/div>\n\t\t<div class=\"elementor-element elementor-element-8d49489 e-flex e-con-boxed e-con e-parent\" data-id=\"8d49489\" data-element_type=\"container\" data-e-type=\"container\">\n\t\t\t\t\t<div class=\"e-con-inner\">\n\t\t\t\t<div class=\"elementor-element elementor-element-d52b1fe elementor-view-default elementor-widget elementor-widget-icon\" data-id=\"d52b1fe\" data-element_type=\"widget\" data-e-type=\"widget\" data-widget_type=\"icon.default\">\n\t\t\t\t\t\t\t<div class=\"elementor-icon-wrapper\">\n\t\t\t<div class=\"elementor-icon\">\n\t\t\t<svg aria-hidden=\"true\" class=\"e-font-icon-svg e-fas-square\" viewBox=\"0 0 448 512\" xmlns=\"http:\/\/www.w3.org\/2000\/svg\"><path d=\"M400 32H48C21.5 32 0 53.5 0 80v352c0 26.5 21.5 48 48 48h352c26.5 0 48-21.5 48-48V80c0-26.5-21.5-48-48-48z\"><\/path><\/svg>\t\t\t<\/div>\n\t\t<\/div>\n\t\t\t\t\t\t<\/div>\n\t\t\t\t<div class=\"elementor-element elementor-element-9a7c89a elementor-widget elementor-widget-heading\" data-id=\"9a7c89a\" data-element_type=\"widget\" data-e-type=\"widget\" data-widget_type=\"heading.default\">\n\t\t\t\t\t<h2 class=\"elementor-heading-title elementor-size-default\">Initiatives Under the Patronage of the Main Board<\/h2>\t\t\t\t<\/div>\n\t\t\t\t\t<\/div>\n\t\t\t\t<\/div>\n\t\t<div class=\"elementor-element elementor-element-92744f1 e-flex e-con-boxed e-con e-parent\" data-id=\"92744f1\" data-element_type=\"container\" data-e-type=\"container\">\n\t\t\t\t\t<div class=\"e-con-inner\">\n\t\t\t\t<div class=\"elementor-element elementor-element-478cafe elementor-widget elementor-widget-spacer\" data-id=\"478cafe\" data-element_type=\"widget\" data-e-type=\"widget\" data-widget_type=\"spacer.default\">\n\t\t\t\t\t\t\t<div class=\"elementor-spacer\">\n\t\t\t<div class=\"elementor-spacer-inner\"><\/div>\n\t\t<\/div>\n\t\t\t\t\t\t<\/div>\n\t\t\t\t\t<\/div>\n\t\t\t\t<\/div>\n\t\t<div class=\"elementor-element elementor-element-89b8ddb e-flex e-con-boxed e-con e-parent\" data-id=\"89b8ddb\" data-element_type=\"container\" data-e-type=\"container\">\n\t\t\t\t\t<div class=\"e-con-inner\">\n\t\t\t\t<div class=\"elementor-element elementor-element-6137361 elementor-widget elementor-widget-text-editor\" data-id=\"6137361\" data-element_type=\"widget\" data-e-type=\"widget\" data-widget_type=\"text-editor.default\">\n\t\t\t\t\t\t\t\t\t<h5><strong>Congresses:<\/strong><\/h5><p>\u00a0<\/p><ul><li><strong>18\u201320 September 2025 | Opole<\/strong><br \/>9th International Scientific and Training Conference \u2013 <strong>OTOLOGY 2025<\/strong><br \/>\ud83d\udd17 <a href=\"https:\/\/www.termedia.pl\" target=\"_blank\" rel=\"noopener\">www.termedia.pl<\/a><\/li><\/ul><p>\u00a0<\/p><ul><li><strong>2\u20134 October 2025 | \u0141\u00f3d\u017a<\/strong><br \/>21st International Conference of the Oncology Section of PTORL \u2013 <strong>Head and Neck Oncology 2025<\/strong><br \/>\ud83d\udd17 <a href=\"https:\/\/www.otolaryngologia2025.pl\" target=\"_blank\" rel=\"noopener\">www.otolaryngologia2025.pl<\/a><\/li><\/ul><p>\u00a0<\/p><ul><li><strong>20\u201321 March 2026 | Pozna\u0144<\/strong><br \/>8th National School of Otolaryngology<br \/>7th National Training Congress of PTORL<br \/>\ud83d\udd17 <a href=\"https:\/\/www.agora-konferencje.pl\" target=\"_blank\" rel=\"noopener\">www.agora-konferencje.pl<\/a><\/li><\/ul><p>\u00a0<\/p><ul><li><strong>11\u201313 June 2026 | Wroc\u0142aw<\/strong><br \/>19th Conference of the Audiology and Phoniatrics Sections of PTORL<\/li><\/ul><p>\u00a0<\/p><ul><li><strong>23\u201326 September 2026 | Lublin<\/strong><br \/><strong>52nd Congress of the Polish Society of Otorhinolaryngologists \u2013 Head and Neck Surgeons<\/strong><\/li><\/ul>\t\t\t\t\t\t\t\t<\/div>\n\t\t\t\t<div class=\"elementor-element elementor-element-ca7eead elementor-widget-divider--view-line elementor-widget elementor-widget-divider\" data-id=\"ca7eead\" data-element_type=\"widget\" data-e-type=\"widget\" data-widget_type=\"divider.default\">\n\t\t\t\t\t\t\t<div class=\"elementor-divider\">\n\t\t\t<span class=\"elementor-divider-separator\">\n\t\t\t\t\t\t<\/span>\n\t\t<\/div>\n\t\t\t\t\t\t<\/div>\n\t\t\t\t<div class=\"elementor-element elementor-element-ca48fcb elementor-widget elementor-widget-text-editor\" data-id=\"ca48fcb\" data-element_type=\"widget\" data-e-type=\"widget\" data-widget_type=\"text-editor.default\">\n\t\t\t\t\t\t\t\t\t<h5><strong>Scientific Networks:<\/strong><\/h5><p>\u00a0<\/p><ul><li><em>Polish Salivary Network Database<\/em><\/li><li><em>Polish Geriatric ENT Network Database<\/em><\/li><li><em>Young-ORL Initiative<\/em><\/li><\/ul>\t\t\t\t\t\t\t\t<\/div>\n\t\t\t\t<div class=\"elementor-element elementor-element-53fc728 elementor-widget elementor-widget-spacer\" data-id=\"53fc728\" data-element_type=\"widget\" data-e-type=\"widget\" data-widget_type=\"spacer.default\">\n\t\t\t\t\t\t\t<div class=\"elementor-spacer\">\n\t\t\t<div class=\"elementor-spacer-inner\"><\/div>\n\t\t<\/div>\n\t\t\t\t\t\t<\/div>\n\t\t\t\t\t<\/div>\n\t\t\t\t<\/div>\n\t\t\t\t<\/div>\n\t\t","protected":false},"excerpt":{"rendered":"<p>Initiatives Under the Patronage of the Main Board Congresses: \u00a0 18\u201320 September 2025 | Opole9th International Scientific and Training Conference \u2013 OTOLOGY 2025\ud83d\udd17 www.termedia.pl \u00a0 2\u20134 October 2025 | \u0141\u00f3d\u017a21st International Conference of the Oncology Section of PTORL \u2013 Head and Neck Oncology 2025\ud83d\udd17 www.otolaryngologia2025.pl \u00a0 20\u201321 March 2026 | Pozna\u01448th National School of Otolaryngology7th [&hellip;]<\/p>\n","protected":false},"author":1,"featured_media":0,"parent":0,"menu_order":0,"comment_status":"closed","ping_status":"closed","template":"","meta":{"footnotes":""},"class_list":["post-124","page","type-page","status-publish","hentry"],"blocksy_meta":[],"_links":{"self":[{"href":"https:\/\/orlpoland.com\/index.php?rest_route=\/wp\/v2\/pages\/124","targetHints":{"allow":["GET"]}}],"collection":[{"href":"https:\/\/orlpoland.com\/index.php?rest_route=\/wp\/v2\/pages"}],"about":[{"href":"https:\/\/orlpoland.com\/index.php?rest_route=\/wp\/v2\/types\/page"}],"author":[{"embeddable":true,"href":"https:\/\/orlpoland.com\/index.php?rest_route=\/wp\/v2\/users\/1"}],"replies":[{"embeddable":true,"href":"https:\/\/orlpoland.com\/index.php?rest_route=%2Fwp%2Fv2%2Fcomments&post=124"}],"version-history":[{"count":10,"href":"https:\/\/orlpoland.com\/index.php?rest_route=\/wp\/v2\/pages\/124\/revisions"}],"predecessor-version":[{"id":1432,"href":"https:\/\/orlpoland.com\/index.php?rest_route=\/wp\/v2\/pages\/124\/revisions\/1432"}],"wp:attachment":[{"href":"https:\/\/orlpoland.com\/index.php?rest_route=%2Fwp%2Fv2%2Fmedia&parent=124"}],"curies":[{"name":"wp","href":"https:\/\/api.w.org\/{rel}","templated":true}]}}